+ 9. Let j be k(15). Let u = -8 - j. Calculate the remainder when 61 is divided by u.
9
Suppose 5*z = 0, 4*j + 2*z - 16 = 7*z. Suppose 2*g + 5*d = 41, -j*g - g + 87 = -3*d. Calculate the remainder when 101 is divided by g.
11
Suppose -3*h - 5*r + 9 = -2, 5*r = -4*h + 13. Suppose -3*u = 3*q - 117, -2*q - 2*u + 160 = h*q. Calculate the remainder when q is divided by 22.
19
Let t(i) be the third derivative of -i**4/6 - 7*i**3/3 + 7*i**2. Calculate the remainder when 21 is divided by t(-5).
3
Let s = 20 - -8. What is the remainder when 6 is divided by (s/(-21))/((-4)/6)?
0
Let f = 524 + -521. What is the remainder when 15 is divided by f?
0
Let s(r) = -2*r**2 - 36*r - 16. Let d be s(-15). Suppose -o - d = -2*b - 5*o, -b = -o - 46. Calculate the remainder when b is divided by 11.
10
Let a = 176 - 103. Suppose -4*t = -209 + a. What is the remainder when 135 is divided by t?
33
Let n(d) = -d**3 - 13*d**2 - 12*d - 4. Let p be n(-12). Let s = 33 - p. What is the remainder when s is divided by 38*(-3 - 21/(-6))?
18
Let n = -219 - -243. What is the remainder when 909 is divided by n?
21
Let j(d) = d**3 - d**2 + 2*d - 37. Let v be j(0). Let l = 46 + v. What is the remainder when 15 is divided by l?
6
Let m = 589 - 576. Let t(u) = -u**2 - 10*u - 5. Let v be t(-9). Suppose 0 = v*k - 19 - 13. What is the remainder when m is divided by k?
5
Let x(n) = n + 21. Let r(m) = 2*m - 14. What is the remainder when r(21) is divided by x(-16)?
3
Suppose -29 = -s + 14. Suppose o - 9 = -3. What is the remainder when s is divided by (3 - (-102)/(-4))*(-4)/o?
13
Let h = -39 - -40. Let v(q) = -q + 8. Calculate the remainder when (-28*h)/(6 + -8) is divided by v(4).
2
Let p = 84 - 84. Suppose p = 4*m + k - 67, 0 = -5*m - 2*k + 6 + 77. Suppose 2*h - 175 = -45. What is the remainder when h is divided by m?
14
Let o(n) = n**3 + 8*n**2 + 4*n + 18. What is the remainder when 188 is divided by o(-6)?
56
Let h = -2538 - -2581. Let s = -56 + 15. Let t = -26 - s. What is the remainder when h is divided by t?
13
What is the remainder when (48/80 - (-6)/40)*1108 is divided by 52?
51
Calculate the remainder when 203 is divided by (-1)/(4/(28/7))*-29.
0
Suppose -9*m + 751 = 76. What is the remainder when m is divided by (-3 - -2)/((-1)/13)?
10
Calculate the remainder when 6/12 + 163/2 is divided by 18.
10
Let q(u) = 2*u**2 + 9*u + 6. Let j = 68 + -46. Suppose 5*m + j = 257. What is the remainder when m is divided by q(-6)?
23
Let z(s) = 13*s - 46. Let u(v) = -2*v - 1. Let y be u(-8). Calculate the remainder when z(y) is divided by 38.
35
Let y = 4 - -8. Let u = 262 - 215. What is the remainder when u is divided by y?
11
Let l(f) = -f**3 + 12*f**2 - 7*f - 3. What is the remainder when l(11) is divided by 14?
13
Let d = 9 + -5. Calculate the remainder when (d + (-21)/6)*136 is divided by (-10)/(-55) - (-152)/11.
12
Suppose 6513 = 34*i - 1783. Suppose 3*l + 2*l - 205 = 0. What is the remainder when i is divided by l?
39
Let r = 13 - 8. Suppose -26 + 76 = 5*d - 5*t, 0 = r*d - t - 50. Calculate the remainder when 27 is divided by d.
7
Let l(z) = 2*z**2 - 8*z + 9. Let b(o) = -2*o**3 - 11*o**2 + 4*o + 3. Let p be b(-6). Suppose 0 = -4*v + 87 - p. What is the remainder when l(6) is divided by v?
15
Suppose 3*z = -2*p + 251, 0 = -2*z + 7*p - 6*p + 179. What is the remainder when z is divided by 19?
11
Suppose 0 = 2*q - 0*q - 190. Suppose 0*k + 72 = 3*k - 3*m, -72 = -3*k - 2*m. What is the remainder when q is divided by k?
23
Suppose -26*s = -22*s - 164. Let g(l) be the first derivative of l**3/3 + 3*l**2/2 + 4*l + 2. What is the remainder when s is divided by g(3)?
19
Let p(i) = -i**2 - 11*i + 46. What is the remainder when 131 is divided by p(-12)?
29
Let q(o) = -3*o**3 - 5*o**2 + 2*o + 6. Suppose 7 = -3*y + c, 2*y - 2*c = -0*y + 2. Let r be q(y). What is the remainder when 10/15 - r/(-6) is divided by 10?
9
Let x(w) = -2*w**3 + 2*w**2 + 2. Let q be x(2). Let c be 14 - 2*9/q. What is the remainder when 29 is divided by -1 - (-3 + 4 - c)?
14
Let b(i) = i**2 + 15*i + 34. Let v be (-21)/(-28) - (-10)/8. Suppose 0 = v*t - t + 14. What is the remainder when b(t) is divided by 12?
8
Let r = -125 + 128. Suppose l = k + 10, 3*k = -r*l + 48 - 18. What is the remainder when 47 is divided by l?
7
Let t be 4/6 - 676/(-12). Suppose -l = -4*g - 6, -2*g - t = -4*l - 5. Calculate the remainder when 41 is divided by l.
13
Let n(f) = 2*f**3 - 14*f**2 + 42*f + 6. What is the remainder when 286 is divided by n(3)?
46
Suppose -23*x = -41*x + 162. What is the remainder when 17 is divided by x?
8
Let b = -102 - -109. What is the remainder when 58 is divided by ((35/3)/b)/(2/36)?
28
Let c(a) = -5*a**3 - 3*a**2 + 2. Let u be c(-2). Suppose 0*z - 30 = 4*d + 2*z, -d - u = 5*z. Calculate the remainder when (1/(-3))/(d/75) is divided by 3.
2
Let p(s) = -s**2 - 5*s + 14. Let n be p(-8). Let j = n - -22. Let v(x) = x**2 - x - 17. Calculate the remainder when v(j) is divided by 29.
28
Let o = -27 + 71. Suppose 111 = 5*m - o. Suppose -2*f + 48 = f - 3*r, -3*f + 52 = r. What is the remainder when m is divided by f?
14
Let i(w) = 8*w**2 + 9*w + 13. Let d be i(-7). Suppose 210 = 4*k - d. What is the remainder when k is divided by 28?
26
Suppose 67*v + 5705 - 63593 = 0. Calculate the remainder when v is divided by 51.
48
Suppose -9*z + 4*z + 70 = -5*m, 0 = -3*m. What is the remainder when 67 is divided by z?
11
Suppose 144 = -44*c + 53*c. What is the remainder when 109 is divided by c?
13
Let r be (2 - 18/(-9)) + 2*29. Let o = -36 + r. Calculate the remainder when o is divided by 9.
8
Let j be (-4 + 3)/((-3)/15). Suppose -h + a - j*a = -7, 0 = 3*a. Let b = 40 - h. What is the remainder when b is divided by 9?
6
Suppose 6*g + 32 = 8. Calculate the remainder when (g - -6 - 44)/(-2) is divided by -1*(0 - -1) + 7.
3
Let k = 88 + 101. What is the remainder when k is divided by (-4)/(-18) - (-1014)/54?
18
Let b(t) = -2*t**3 - 3*t**2 - 3*t. Let o = 38 - 40. What is the remainder when 38 is divided by b(o)?
8
Suppose 2*m + 5*f - f = 14, 5*m - 23 = 2*f. What is the remainder when 39 is divided by m?
4
Suppose 498*s = 4*l + 494*s - 4048, 5 = s. What is the remainder when l is divided by 170?
167
Let x be (12/(-10))/(22/(-55)). Let t = -4 - -6. Suppose t*k - x = k. Calculate the remainder when k is divided by 2.
1
Suppose 0 = -10*s + 654 - 94. Suppose -3*m + w + 28 = -2*m, 2*m - s = 4*w. Calculate the remainder when m is divided by 8.
4
Let r = 82 - 77. Suppose -a + 3 = -3*h + 1, 110 = 5*a + r*h. Calculate the remainder when 48 is divided by a.
14
Suppose -f + 47 = o, 137 = 3*o - 19*f + 21*f. What is the remainder when 382 is divided by o?
38
Suppose -8*k + 18 = -5*k. Suppose -5*g = 3*f - 196, -3*f + 203 = -k*g + 4*g. Calculate the remainder when f is divided by 35.
32
Let n = 58 + -41. What is the remainder when n is divided by 6/(-27) + 112/18?
5
Let k be (-26)/(-65) + 46/10. Suppose k*u - 303 = 2*f + 229, -3*u + 2*f + 316 = 0. What is the remainder when u is divided by 16?
12
Let k(m) = m**3 - 9*m**2 + 2*m + 8. Suppose -4*j - 23 - 56 = -5*t, -3*j = -2*t + 33. Calculate the remainder when k(9) is divided by t.
11
Calculate the remainder when (-186*4/(-12))/1 is divided by 31.
0
Let i(k) = 3*k**3 - 14*k**2 + 16*k - 36. Calculate the remainder when 82 is divided by i(5).
13
Let h(j) = -4*j**2 - 3*j + 2. Let l be h(4). Let t = -59 - l. Calculate the remainder when t is divided by 6.
3
Let m = 23 + -39. Let z = m + 29. Let i(s) = s**2 + 21*s + 129. What is the remainder when i(-13) is divided by z?
12
Let w(g) = 3*g**3 + 78*g**2 + 9. Let p = 73 + -32. Calculate the remainder when p is divided by w(-26).
5
Let a = -1838 - -1881. Calculate the remainder when 170 is divided by a.
41
Suppose 5*z = -2*t - 7, 0 = t - 8*z + 4*z - 16. Calculate the remainder when 34 is divided by t.
2
Suppose 0 = -4*q - 5*r + 57, 2*q + 4*r - 44 = -q. Let a(f) = f**2 - 13*f + 2. Let c be a(q). Let w = c - -59. What is the remainder when w is divided by 6?
3
Suppose -n + 5*v = -31, 5*n - 33 = 3*v + 34. Let l(g) = g**2 - 8*g + 6. Let p be l(7). Calculate the remainder when ((-1 - -2) + -22)/p is divided by n.
10
Let h(v) = -12*v**3 + 3*v**2 + 2*v - 1. Suppose -5*g + 0*g + 50 = -5*q, -2*g = -4*q - 26. Calculate the remainder when h(-1) is divided by g.
5
Let f = 20 + 